62 - -4277. Let k be (8/(-6))/((-1)/42). Suppose 2*a = -0*a + k. Calculate the remainder when a is divided by s.
13
Let h(g) = -35*g**3 + 6*g**2 + 3*g - 1. Calculate the remainder when h(-2) is divided by 23.
21
Let a(y) = y**2 - 4. Suppose -4*g + 4*c = 22 - 138, 141 = 4*g + c. Calculate the remainder when g is divided by a(4).
10
Let g(q) = q**2 - 8*q + 74. Calculate the remainder when g(0) is divided by 5.
4
Let b be 2/(-2*(-2)/(-4)). Let y be (0/(-2))/(1*b). Suppose y = 2*m + 3*m - 35. What is the remainder when 26 is divided by m?
5
Suppose 0 = -0*l - l + 60. Let a(d) = 3*d**2 - 4*d - 1. Let c = 15 + -11. Calculate the remainder when l is divided by a(c).
29
Let q = -85 + 100. Calculate the remainder when 215 is divided by q.
5
Let d(a) = -a**3 - 10*a**2 - 12*a - 5. Let t be d(-9). Suppose 0 = -16*y + t*y - 336. What is the remainder when y is divided by ((-8)/(-4))/(2/19)?
18
Suppose 11 = 6*a - 49. Let t = 28 - a. Calculate the remainder when 142/(-3)*(-6)/4 is divided by t.
17
What is the remainder when (60 + -3 + -5)*1/2 is divided by 10?
6
Suppose -5170 = -10*s + 100. What is the remainder when s is divided by 44?
43
Suppose -6*d - 18 = -102. Suppose 0 = 17*o - 20*o + 246. Calculate the remainder when o is divided by d.
12
Let v(f) = 17*f**3 - f**2 - f + 2. Suppose -2*z - 15 = -n, 4*n - z = -26 + 65. Let s = n + 39. Calculate the remainder when s is divided by v(1).
14
Let m be (-2)/10 + 190/(-50). Let k = m - -12. What is the remainder when 29 is divided by k?
5
Calculate the remainder when 85 is divided by (-8)/36 - 114/(-54)*2.
1
Let u = -922 + 937. What is the remainder when 273 is divided by u?
3
Let s(r) = r**3 + 2*r**2 + 5*r + 4. Let u be s(-1). What is the remainder when 163 is divided by (0 - u) + 32 + 10 + -1?
40
Let o(k) = 51*k - 89. What is the remainder when o(4) is divided by 26?
11
What is the remainder when -1*18*(-8 - 148/12) is divided by 23?
21
Let w(x) = -4*x**2 + 3*x**2 + 5 + x**3 - 2*x**2 - 3*x**2 + 6*x. Let v(y) = -14*y + 392. What is the remainder when w(6) is divided by v(27)?
13
Suppose -5*j - 2*x = -2 - 14, -2 = -2*j - 3*x. Suppose -j*c = -551 + 175. Suppose -c = -3*l + 89. Calculate the remainder when l is divided by 31.
30
Let s(p) = -p - 1. Suppose 9 = 5*o + d - 10, -3*d + 21 = 3*o. Let q be s(o). What is the remainder when 83 is divided by (q*1)/(-2) - -19?
20
Let y be ((-3)/4)/(12/(-32)). Let i be (-4)/y + (-4 - -12). Let l = 49 - i. Calculate the remainder when l is divided by 15.
13
Let i = -39 + 39. Suppose 3*u + 0*m + m - 34 = 0, i = 2*u - 2*m - 36. Calculate the remainder when 49 is divided by u.
10
Let w be 7 + 6 + -3 + (0 - 1). Suppose -k + 12 = -w. Calculate the remainder when (-2 - -8)/(4/54) is divided by k.
18
Suppose 3*q - 3 = 4*q, 0 = -3*t + 2*q + 105. Suppose -t - 44 = -7*g. What is the remainder when 21 is divided by g?
10
Let y be 3/1 - (-25 - -2). Suppose -y = 5*j + 24. Let k = j - -50. Calculate the remainder when k is divided by 22.
18
Suppose 0 = -4*i + 5*y + 201, -4*i - 3*y - 2*y = -151. Calculate the remainder when 170 is divided by i.
38
Let t be (-14)/(-3) + 2/(-3). Let q(z) = 1 + 0*z + 7*z - 2*z + 0*z. Calculate the remainder when q(t) is divided by 6.
3
Let u(i) = -i**3 + 4*i**2 + 8*i - 7. Let m(j) be the third derivative of j**4/8 - 7*j**3/3 + 3*j**2. Calculate the remainder when m(12) is divided by u(5).
6
Let n(i) = -i**3 - 17*i**2 + 18*i - 11. Let b be n(-18). Let z = b + 38. Suppose -z - 19 = -2*c. What is the remainder when c is divided by 6?
5
Let b be (-717)/12 + 6/8. Let u = b - -108. Calculate the remainder when u is divided by 18.
13
Let s = 25 + -19. Suppose s*f = 36 + 18. What is the remainder when 24 is divided by f?
6
Let m(b) = -6*b - 93. What is the remainder when 24 is divided by m(-17)?
6
Suppose -5*f - 5*y = -81 - 4, 0 = 9*y - 36. Calculate the remainder when (1 + -7)*21/(-2) is divided by f.
11
Let g(y) = -5 - y + 3*y + 7*y. Calculate the remainder when g(6) is divided by 26.
23
Let k(i) = -i**2 + i + 28. What is the remainder when k(0) is divided by (-2)/(2 - 0)*2*-4?
4
Let o be ((-3)/4)/(21/(-140)). Suppose -225 = -4*d - o*z, 5*z - 275 = -5*d - 0*d. Calculate the remainder when d is divided by 26.
24
Let p be ((-20)/150 + 8/10)*6. Suppose 6*v - 55 = 3*v - 5*w, 0 = -p*v - 4*w + 68. What is the remainder when v is divided by 7?
1
Suppose 4*r = -0*r + 12, 2*p - 3 = -r. Suppose p = 4*q + 4*g - 92, -q + 4*g = -0*q + 2. Calculate the remainder when q is divided by 10.
8
Let o = -33 + 78. Suppose 0 = 16*v - o - 163. What is the remainder when 21 is divided by v?
8
Let m = 8 + 27. Let q = 1746 - 1609. Calculate the remainder when q is divided by m.
32
Let c = 66 - 10. Let r(j) = j**2 - 5*j - 9. Let f = -7 - -15. Calculate the remainder when c is divided by r(f).
11
Suppose a = -4, -4*f = -4*a - 26 - 18. Let s(j) = 2*j**3 - 12*j**2 - 9*j - 8. What is the remainder when 76 is divided by s(f)?
22
Suppose -24*z = -608 - 832. What is the remainder when z is divided by 18?
6
Suppose -3*v - 8*w = -13*w - 1149, -4*w + 383 = v. What is the remainder when v is divided by 12?
11
Let t(a) = 13*a - 1. Suppose -x - 2*r + 15 = 0, x - 4*r - r = -6. Suppose x*w - 4 = 5*w. What is the remainder when t(w) is divided by 9?
3
Suppose -15*g = -g - 182. Calculate the remainder when g is divided by (-2)/(0 - 6/15).
3
Let a(j) = -2*j**3 - 23*j**2 - 13*j - 20. Let p be a(-11). What is the remainder when 26 is divided by (9/p)/((-22)/(-44))?
8
Let v = 111 - 45. Calculate the remainder when v is divided by 23.
20
Suppose 8*p - 569 = 711. What is the remainder when p is divided by 45?
25
Let m(w) = w**2 + 4*w + 35. Let n = 41 + -12. Calculate the remainder when m(-7) is divided by n.
27
Let w = -76 - -35. Let o = 78 + w. Calculate the remainder when o is divided by 20.
17
Suppose 4636 = 8*k + 532. Calculate the remainder when k is divided by 74.
69
Let o = -7 + 7. Let c(n) = n**3 - n + 52. Let r be c(o). Suppose -r = -3*i - i. What is the remainder when 37 is divided by i?
11
Let y be (-1 - 12/(-4))*15/6. Suppose 5*c - 4*c = -s + 13, 5 = -y*s. What is the remainder when 26 is divided by c?
12
Suppose 0 = -5*h - 4*i + 828, 5*h - 4*h = -2*i + 168. What is the remainder when h is divided by 13?
8
Suppose 7*r + 53 = 3*c + 3*r, -3*c + 8 = 5*r. Suppose 65 - c = 3*b. Calculate the remainder when 51 is divided by b.
15
Suppose 153 = 5*k + 23*p - 19*p, 0 = -3*k + 2*p + 83. What is the remainder when 40 is divided by k?
11
Suppose -2*x = 5*c + 50, -5*x - 2*c = 2*c + 91. What is the remainder when 9/x*(2 - 107) is divided by ((-22)/(-8))/((-3)/(-24))?
19
Let o = -6 - -9. Suppose u = 3*v + 3, 4*u + v = 8 + 4. What is the remainder when u is divided by 1 - (9/o - 5)?
0
Suppose -49 - 146 = -3*x. Let f = x - 36. What is the remainder when f is divided by 8?
5
Let q = 11 - 11. Suppose d + 5*c + q*c + 286 = 0, d - 2*c + 307 = 0. Calculate the remainder when 19 is divided by d/(-28) - (-2)/8.
8
Suppose 3*w = -4*q + 76, -9*q = -5*q + 2*w - 76. Calculate the remainder when 169 is divided by q.
17
Calculate the remainder when (-4)/7 - (-60024)/427 is divided by 48.
44
Let t(l) = -l**3 - 14*l**2 - 55*l - 21. Let u = 0 + -1. What is the remainder when t(-7) is divided by -4*(u + (-14)/8)?
10
Let p(s) = -16*s - 1. Let x(q) = -13*q - 92. What is the remainder when p(-3) is divided by x(-8)?
11
Suppose -l = -3, l = f - 2*l + 3. Suppose f*r - 131 = 3*r + 2*b, -3*b = -4*r + 173. What is the remainder when r is divided by 12?
11
Let r = 30 + 12. Suppose -3*l + 39 = -2*p, 6*l - 3*l - 4*p - 33 = 0. Calculate the remainder when r is divided by l.
12
Let t = -73 - -104. What is the remainder when t is divided by 6?
1
Let k(c) = -c**2 + 3*c + 19. Let l(h) = 2*h**2 - 5*h - 39. Let w(j) = 9*k(j) + 4*l(j). What is the remainder when 25 is divided by w(8)?
4
What is the remainder when ((-2)/(-10))/(32/11360) is divided by 28?
15
Suppose -16*c = -25*c + 171. Calculate the remainder when 76 is divided by c.
0
Let l(v) = v**2 - 12*v - 15. Let s be l(15). Suppose -s + 24 = -k. Let r(x) = -x + 8. Calculate the remainder when 4 is divided by r(k).
0
Suppose 0*n + 354 = 3*n. Suppose 564 = 20*c + 164. Calculate the remainder when n is divided by c.
18
Suppose -4*s + 6*s - 2 = 0, 4*a + 3*s - 103 = 0. Suppose -3*d = -5*d + 192. What i